{"id":61,"date":"2019-01-04T01:14:32","date_gmt":"2019-01-04T00:14:32","guid":{"rendered":"http:\/\/www.satersak.com\/?page_id=61"},"modified":"2025-11-25T02:08:16","modified_gmt":"2025-11-25T01:08:16","slug":"oppettider","status":"publish","type":"page","link":"https:\/\/www.satersak.com\/index.php\/oppettider\/","title":{"rendered":"\u00d6ppettider"},"content":{"rendered":"\n<p>Tilltr\u00e4de till gymmet f\u00e5r man genom den tagg som man kvitterar ut i samband med att man blir medlem.<\/p>\n\n\n\n<p>F\u00f6ljande tider f\u00f6r tr\u00e4ning g\u00e4ller:<\/p>\n\n\n\n<p>Alla dagar 04:00-00:00<\/p>\n\n\n\n<p><\/p>\n","protected":false},"excerpt":{"rendered":"<p>Tilltr\u00e4de till gymmet f\u00e5r man genom den tagg som man kvitterar ut i samband med att man blir medlem. F\u00f6ljande tider f\u00f6r tr\u00e4ning g\u00e4ller: Alla dagar 04:00-00:00<\/p>\n","protected":false},"author":1,"featured_media":0,"parent":0,"menu_order":0,"comment_status":"closed","ping_status":"closed","template":"","meta":{"footnotes":""},"class_list":["post-61","page","type-page","status-publish","czr-hentry"],"_links":{"self":[{"href":"https:\/\/www.satersak.com\/index.php\/wp-json\/wp\/v2\/pages\/61","targetHints":{"allow":["GET"]}}],"collection":[{"href":"https:\/\/www.satersak.com\/index.php\/wp-json\/wp\/v2\/pages"}],"about":[{"href":"https:\/\/www.satersak.com\/index.php\/wp-json\/wp\/v2\/types\/page"}],"author":[{"embeddable":true,"href":"https:\/\/www.satersak.com\/index.php\/wp-json\/wp\/v2\/users\/1"}],"replies":[{"embeddable":true,"href":"https:\/\/www.satersak.com\/index.php\/wp-json\/wp\/v2\/comments?post=61"}],"version-history":[{"count":3,"href":"https:\/\/www.satersak.com\/index.php\/wp-json\/wp\/v2\/pages\/61\/revisions"}],"predecessor-version":[{"id":321,"href":"https:\/\/www.satersak.com\/index.php\/wp-json\/wp\/v2\/pages\/61\/revisions\/321"}],"wp:attachment":[{"href":"https:\/\/www.satersak.com\/index.php\/wp-json\/wp\/v2\/media?parent=61"}],"curies":[{"name":"wp","href":"https:\/\/api.w.org\/{rel}","templated":true}]}}