{"id":57,"date":"2019-01-04T01:14:32","date_gmt":"2019-01-04T00:14:32","guid":{"rendered":"http:\/\/www.satersak.com\/?page_id=57"},"modified":"2025-07-03T02:06:40","modified_gmt":"2025-07-03T00:06:40","slug":"medlemsavgifter","status":"publish","type":"page","link":"https:\/\/www.satersak.com\/index.php\/medlemsavgifter\/","title":{"rendered":"Medlemsavgifter"},"content":{"rendered":"\n<h2 class=\"wp-block-heading\">\u00c5lder 15-19 \u00e5r<\/h2>\n\n\n\n<p>12 M\u00e5nader &#8211; 700 kr<\/p>\n\n\n\n<p>6 M\u00e5nader &#8211; 400 kr<\/p>\n\n\n\n<p>3 M\u00e5nader &#8211; 250 kr<\/p>\n\n\n\n<p>1 M\u00e5nad &#8211; 100 kr<\/p>\n\n\n\n<h2 class=\"wp-block-heading\">\u00c5lder 20-69 \u00e5r<\/h2>\n\n\n\n<p>12 M\u00e5nader &#8211; 1200 kr<\/p>\n\n\n\n<p>6 M\u00e5nader &#8211; 700 kr<\/p>\n\n\n\n<p>3 M\u00e5nader &#8211; 500 kr<\/p>\n\n\n\n<p>1 M\u00e5nad &#8211; 200 kr<\/p>\n\n\n\n<h2 class=\"wp-block-heading\">\u00c5lder 70-100 \u00e5r<\/h2>\n\n\n\n<p>12 M\u00e5nader &#8211; 700 kr<\/p>\n\n\n\n<p>6 M\u00e5nader &#8211; 400 kr<\/p>\n\n\n\n<p>3 M\u00e5nader &#8211; 250 kr<\/p>\n\n\n\n<p>1 M\u00e5nad &#8211; 100 kr<\/p>\n\n\n\n<h2 class=\"wp-block-heading\">G\u00e4stavgift<\/h2>\n\n\n\n<p>Som medlem kan du ta med en g\u00e4st vid enstaka tillf\u00e4llen, g\u00e4sten betalar d\u00e5 en avgift p\u00e5 30 kr per g\u00e5ng.<\/p>\n\n\n\n<h2 class=\"wp-block-heading\">Betalningsalternativ<\/h2>\n\n\n\n<p>Swish: 123 465 9074<\/p>\n\n\n\n<p>Bankgiro: 523-9967<\/p>\n\n\n\n<h2 class=\"wp-block-heading\">Friskv\u00e5rdsbidrag<\/h2>\n\n\n\n<p>Vill du ha ett kvitto till din arbetsgivare f\u00f6r friskv\u00e5rdsbidraget, skriv din e-post adress p\u00e5 din inbetalning eller kontakta oss p\u00e5 mailadressen:<\/p>\n\n\n<div class=\"wp-block-image\">\n<figure class=\"alignleft\"><img loading=\"lazy\" decoding=\"async\" width=\"200\" height=\"25\" src=\"https:\/\/www.satersak.com\/wp-content\/uploads\/2019\/01\/adr0.jpg\" alt=\"\" class=\"wp-image-90\"\/><\/figure><\/div>\n\n\n<p><\/p>\n\n\n\n<figure class=\"wp-block-image size-full\"><img loading=\"lazy\" decoding=\"async\" width=\"625\" height=\"945\" src=\"https:\/\/www.satersak.com\/wp-content\/uploads\/2025\/05\/swish-QR-small.png\" alt=\"\" class=\"wp-image-307\" srcset=\"https:\/\/www.satersak.com\/wp-content\/uploads\/2025\/05\/swish-QR-small.png 625w, https:\/\/www.satersak.com\/wp-content\/uploads\/2025\/05\/swish-QR-small-198x300.png 198w\" sizes=\"auto, (max-width: 625px) 100vw, 625px\" \/><\/figure>\n","protected":false},"excerpt":{"rendered":"<p>\u00c5lder 15-19 \u00e5r 12 M\u00e5nader &#8211; 700 kr 6 M\u00e5nader &#8211; 400 kr 3 M\u00e5nader &#8211; 250 kr 1 M\u00e5nad &#8211; 100 kr \u00c5lder 20-69 \u00e5r 12 M\u00e5nader &#8211; 1200 kr 6 M\u00e5nader &#8211; 700 kr 3 M\u00e5nader &#8211; 500 kr 1 M\u00e5nad &#8211; 200 kr \u00c5lder 70-100 \u00e5r 12 M\u00e5nader &#8211; 700 kr 6 [&hellip;]<\/p>\n","protected":false},"author":1,"featured_media":0,"parent":0,"menu_order":0,"comment_status":"closed","ping_status":"closed","template":"","meta":{"footnotes":""},"class_list":["post-57","page","type-page","status-publish","czr-hentry"],"_links":{"self":[{"href":"https:\/\/www.satersak.com\/index.php\/wp-json\/wp\/v2\/pages\/57","targetHints":{"allow":["GET"]}}],"collection":[{"href":"https:\/\/www.satersak.com\/index.php\/wp-json\/wp\/v2\/pages"}],"about":[{"href":"https:\/\/www.satersak.com\/index.php\/wp-json\/wp\/v2\/types\/page"}],"author":[{"embeddable":true,"href":"https:\/\/www.satersak.com\/index.php\/wp-json\/wp\/v2\/users\/1"}],"replies":[{"embeddable":true,"href":"https:\/\/www.satersak.com\/index.php\/wp-json\/wp\/v2\/comments?post=57"}],"version-history":[{"count":11,"href":"https:\/\/www.satersak.com\/index.php\/wp-json\/wp\/v2\/pages\/57\/revisions"}],"predecessor-version":[{"id":311,"href":"https:\/\/www.satersak.com\/index.php\/wp-json\/wp\/v2\/pages\/57\/revisions\/311"}],"wp:attachment":[{"href":"https:\/\/www.satersak.com\/index.php\/wp-json\/wp\/v2\/media?parent=57"}],"curies":[{"name":"wp","href":"https:\/\/api.w.org\/{rel}","templated":true}]}}